{"id":59,"date":"2024-04-09T15:24:07","date_gmt":"2024-04-09T18:24:07","guid":{"rendered":"https:\/\/paulasibilia2.lugarestudio.com.br\/?page_id=59"},"modified":"2024-11-05T23:19:48","modified_gmt":"2024-11-06T02:19:48","slug":"inicio","status":"publish","type":"page","link":"https:\/\/paulasibilia.com\/","title":{"rendered":"In\u00edcio"},"content":{"rendered":"<p>[et_pb_section fb_built=&#8221;1&#8243; _builder_version=&#8221;4.27.2&#8243; _module_preset=&#8221;default&#8221; background_color=&#8221;RGBA(255,255,255,0)&#8221; background_image=&#8221;https:\/\/paulasibilia.com\/wp-content\/uploads\/2024\/10\/P_Sibilia-BG_Intro.jpg&#8221; custom_margin=&#8221;-60px||||false|false&#8221; custom_padding=&#8221;|||0px||&#8221; custom_css_main_element=&#8221;min-height: 100vh&#8221; global_colors_info=&#8221;{}&#8221;][et_pb_row custom_padding_last_edited=&#8221;on|phone&#8221; _builder_version=&#8221;4.27.2&#8243; _module_preset=&#8221;default&#8221; width_tablet=&#8221;&#8221; width_phone=&#8221;100%&#8221; width_last_edited=&#8221;on|phone&#8221; max_width_tablet=&#8221;&#8221; max_width_phone=&#8221;100%&#8221; max_width_last_edited=&#8221;on|phone&#8221; custom_margin_tablet=&#8221;&#8221; custom_margin_phone=&#8221;|0px||0px|false|true&#8221; custom_margin_last_edited=&#8221;on|phone&#8221; custom_padding=&#8221;0px|0px|25px|0px|false|true&#8221; custom_padding_tablet=&#8221;0px||25px||false|false&#8221; custom_padding_phone=&#8221;0px|0px|25px|0px|false|true&#8221; global_colors_info=&#8221;{}&#8221;][et_pb_column type=&#8221;4_4&#8243; _builder_version=&#8221;4.27.2&#8243; _module_preset=&#8221;default&#8221; global_colors_info=&#8221;{}&#8221;][et_pb_heading title=&#8221;Paula Sibilia&#8221; _builder_version=&#8221;4.27.2&#8243; _module_preset=&#8221;default&#8221; title_font=&#8221;Aboreto||||||||&#8221; title_text_align=&#8221;center&#8221; title_font_size=&#8221;50px&#8221; title_letter_spacing=&#8221;5px&#8221; custom_margin=&#8221;0px||0px||true|false&#8221; custom_padding=&#8221;70px||||false|false&#8221; title_font_tablet=&#8221;Aboreto||||||||&#8221; title_font_phone=&#8221;Aboreto||||||||&#8221; title_font_last_edited=&#8221;on|phone&#8221; title_font_size_tablet=&#8221;50px&#8221; title_font_size_phone=&#8221;45px&#8221; title_font_size_last_edited=&#8221;on|phone&#8221; global_colors_info=&#8221;{}&#8221;][\/et_pb_heading][et_pb_text _builder_version=&#8221;4.27.2&#8243; _module_preset=&#8221;default&#8221; text_font=&#8221;Poppins|||on|||||&#8221; text_text_color=&#8221;rgba(0,0,0,0.7)&#8221; text_font_size=&#8221;20px&#8221; text_letter_spacing=&#8221;1px&#8221; text_orientation=&#8221;center&#8221; width=&#8221;100%&#8221; width_tablet=&#8221;100%&#8221; width_phone=&#8221;100%&#8221; width_last_edited=&#8221;on|phone&#8221; max_width=&#8221;100%&#8221; module_alignment=&#8221;center&#8221; custom_margin=&#8221;|0px||0px|false|true&#8221; custom_padding=&#8221;30px||||false|false&#8221; custom_padding_tablet=&#8221;80px||||false|false&#8221; custom_padding_phone=&#8221;10px|0px||0px|false|true&#8221; custom_padding_last_edited=&#8221;on|phone&#8221; text_font_size_tablet=&#8221;19px&#8221; text_font_size_phone=&#8221;16px&#8221; text_font_size_last_edited=&#8221;on|phone&#8221; global_colors_info=&#8221;{}&#8221;]<\/p>\n<p>Site oficial da ensa\u00edsta e pesquisadora<\/p>\n<p>[\/et_pb_text][et_pb_text _builder_version=&#8221;4.27.2&#8243; _module_preset=&#8221;default&#8221; text_font=&#8221;Poppins||||||||&#8221; text_text_color=&#8221;rgba(0,0,0,0.7)&#8221; text_font_size=&#8221;14px&#8221; text_line_height=&#8221;0.8em&#8221; text_orientation=&#8221;center&#8221; width=&#8221;100%&#8221; width_tablet=&#8221;100%&#8221; width_phone=&#8221;100%&#8221; width_last_edited=&#8221;on|phone&#8221; max_width=&#8221;100%&#8221; module_alignment=&#8221;center&#8221; custom_margin=&#8221;0px|0px|0px|0px|true|true&#8221; custom_padding=&#8221;0px||0px||false|false&#8221; custom_padding_tablet=&#8221;0px||0px||false|false&#8221; custom_padding_phone=&#8221;0px|0px|0px|0px|true|true&#8221; custom_padding_last_edited=&#8221;on|phone&#8221; text_font_tablet=&#8221;Poppins||||||||&#8221; text_font_phone=&#8221;Poppins||||||||&#8221; text_font_last_edited=&#8221;on|phone&#8221; text_font_size_tablet=&#8221;14px&#8221; text_font_size_phone=&#8221;14px&#8221; text_font_size_last_edited=&#8221;on|desktop&#8221; global_colors_info=&#8221;{}&#8221;]<\/p>\n<p style=\"text-align: center;\">Universidade Federal Fluminense<\/p>\n<p style=\"text-align: center;\">Niter\u00f3i &#8211; Rio de Janeiro, Brasil\u200b<\/p>\n<p>[\/et_pb_text][\/et_pb_column][\/et_pb_row][et_pb_row _builder_version=&#8221;4.27.2&#8243; _module_preset=&#8221;default&#8221; positioning=&#8221;absolute&#8221; position_origin_a=&#8221;bottom_center&#8221; custom_margin=&#8221;0px||0px||false|false&#8221; custom_padding=&#8221;0px||0px||false|false&#8221; global_colors_info=&#8221;{}&#8221;][et_pb_column type=&#8221;4_4&#8243; _builder_version=&#8221;4.27.2&#8243; _module_preset=&#8221;default&#8221; global_colors_info=&#8221;{}&#8221;][et_pb_text _builder_version=&#8221;4.27.2&#8243; _module_preset=&#8221;default&#8221; text_font=&#8221;Poppins||||||||&#8221; text_text_color=&#8221;#FFFFFF&#8221; text_font_size=&#8221;11px&#8221; text_orientation=&#8221;right&#8221; custom_margin=&#8221;0px||0px||true|false&#8221; custom_padding=&#8221;0px|0px|0px|0px|true|true&#8221; global_colors_info=&#8221;{}&#8221;]<\/p>\n<p>Paula Sibilia | \u00a9 Alejandra Lo\u0301pez, 2024<\/p>\n<p>[\/et_pb_text][\/et_pb_column][\/et_pb_row][\/et_pb_section][et_pb_section fb_built=&#8221;1&#8243; _builder_version=&#8221;4.27.2&#8243; _module_preset=&#8221;default&#8221; background_color=&#8221;gcid-ab8e6ac0-852e-45e7-bc70-9a14b82e0fb9&#8243; background_enable_image=&#8221;off&#8221; parallax=&#8221;on&#8221; background_blend=&#8221;multiply&#8221; background_enable_video_mp4=&#8221;off&#8221; width=&#8221;100%&#8221; max_width=&#8221;100%&#8221; custom_padding=&#8221;70px||70px||true|false&#8221; locked=&#8221;off&#8221; global_colors_info=&#8221;{%22gcid-ab8e6ac0-852e-45e7-bc70-9a14b82e0fb9%22:%91%22background_color%22%93,%22gcid-11fcc0c8-fde3-44f1-afd0-4dba64e92def%22:%91%22background_color%22%93}&#8221;][et_pb_row column_structure=&#8221;3_4,1_4&#8243; use_custom_gutter=&#8221;on&#8221; gutter_width=&#8221;1&#8243; make_equal=&#8221;on&#8221; _builder_version=&#8221;4.27.2&#8243; _module_preset=&#8221;default&#8221; background_color=&#8221;gcid-6c7d0226-7d00-4233-b6cb-ba10bc829a18&#8243; module_alignment=&#8221;center&#8221; min_height=&#8221;100%&#8221; height=&#8221;100%&#8221; max_height=&#8221;100%&#8221; custom_margin=&#8221;0px|0px|0px|0px|true|true&#8221; custom_padding=&#8221;20px|0px|20px|0px|true|false&#8221; border_width_all=&#8221;1px&#8221; border_color_all=&#8221;gcid-f9ca37a7-31b2-46d4-92a0-9f3a029615c0&#8243; global_colors_info=&#8221;{%22gcid-6c7d0226-7d00-4233-b6cb-ba10bc829a18%22:%91%22background_color%22%93,%22gcid-f9ca37a7-31b2-46d4-92a0-9f3a029615c0%22:%91%22border_color_all%22%93}&#8221;][et_pb_column type=&#8221;3_4&#8243; _builder_version=&#8221;4.27.2&#8243; _module_preset=&#8221;default&#8221; background_color=&#8221;RGBA(255,255,255,0)&#8221; background_enable_image=&#8221;off&#8221; background_blend=&#8221;multiply&#8221; custom_padding=&#8221;0px|0px|0px|0px|true|true&#8221; global_colors_info=&#8221;{}&#8221;][et_pb_text _builder_version=&#8221;4.27.2&#8243; _module_preset=&#8221;default&#8221; text_font=&#8221;||||||||&#8221; text_line_height=&#8221;2em&#8221; background_color=&#8221;RGBA(255,255,255,0)&#8221; text_orientation=&#8221;justified&#8221; width=&#8221;90%&#8221; max_width=&#8221;90%&#8221; module_alignment=&#8221;center&#8221; custom_margin=&#8221;||||true|true&#8221; custom_padding=&#8221;30px|0px|30px|0px|true|true&#8221; hover_enabled=&#8221;0&#8243; global_colors_info=&#8221;{}&#8221; sticky_enabled=&#8221;0&#8243;]<\/p>\n<p style=\"text-align: justify;\">Ensa\u00edsta e pesquisadora argentina, Paula Sibilia, residente no Rio de Janeiro, dedica-se ao estudo de diversos temas culturais contempor\u00e2neos sob a perspectiva geneal\u00f3gica, contemplando particularmente as rela\u00e7\u00f5es entre corpos, subjetividades, tecnologias e manifesta\u00e7\u00f5es midi\u00e1ticas ou art\u00edsticas.<\/p>\n<p>[\/et_pb_text][\/et_pb_column][et_pb_column type=&#8221;1_4&#8243; _builder_version=&#8221;4.27.2&#8243; _module_preset=&#8221;default&#8221; background_color=&#8221;RGBA(255,255,255,0)&#8221; background_enable_image=&#8221;off&#8221; background_blend=&#8221;multiply&#8221; custom_padding=&#8221;0px|0px|0px|0px|true|true&#8221; global_colors_info=&#8221;{%22gcid-ab8e6ac0-852e-45e7-bc70-9a14b82e0fb9%22:%91%22background_color%22%93}&#8221;][et_pb_button button_url=&#8221;@ET-DC@eyJkeW5hbWljIjp0cnVlLCJjb250ZW50IjoicG9zdF9saW5rX3VybF9wYWdlIiwic2V0dGluZ3MiOnsicG9zdF9pZCI6IjI3NSJ9fQ==@&#8221; button_text=&#8221;leia mais&#8221; button_alignment=&#8221;center&#8221; _builder_version=&#8221;4.27.2&#8243; _dynamic_attributes=&#8221;button_url&#8221; _module_preset=&#8221;default&#8221; custom_button=&#8221;on&#8221; button_text_size=&#8221;17px&#8221; button_text_color=&#8221;gcid-ab8e6ac0-852e-45e7-bc70-9a14b82e0fb9&#8243; button_bg_color=&#8221;gcid-981eccd2-dffb-47fa-812c-1d79488ed1b4&#8243; button_border_width=&#8221;1px&#8221; button_border_color=&#8221;gcid-f9ca37a7-31b2-46d4-92a0-9f3a029615c0&#8243; button_border_radius=&#8221;0px&#8221; button_letter_spacing=&#8221;2px&#8221; button_font=&#8221;Poppins|300|||||||&#8221; button_icon=&#8221;&#x24;||divi||400&#8243; button_icon_color=&#8221;#FFFFFF&#8221; background_layout=&#8221;dark&#8221; custom_margin=&#8221;30px|0px|30px|0px|true|true&#8221; custom_padding=&#8221;20px|30px|20px|30px|true|true&#8221; animation_style=&#8221;fade&#8221; animation_delay=&#8221;100ms&#8221; animation_starting_opacity=&#8221;34%&#8221; box_shadow_style=&#8221;preset2&#8243; locked=&#8221;off&#8221; global_colors_info=&#8221;{%22gcid-ab8e6ac0-852e-45e7-bc70-9a14b82e0fb9%22:%91%22button_text_color%22%93,%22gcid-f9ca37a7-31b2-46d4-92a0-9f3a029615c0%22:%91%22button_border_color%22%93,%22gcid-981eccd2-dffb-47fa-812c-1d79488ed1b4%22:%91%22button_bg_color%22%93}&#8221;][\/et_pb_button][\/et_pb_column][\/et_pb_row][\/et_pb_section][et_pb_section fb_built=&#8221;1&#8243; _builder_version=&#8221;4.27.2&#8243; _module_preset=&#8221;default&#8221; background_color=&#8221;gcid-ab8e6ac0-852e-45e7-bc70-9a14b82e0fb9&#8243; custom_margin=&#8221;0px||0px||true|false&#8221; custom_padding=&#8221;0px||0px||true|false&#8221; global_colors_info=&#8221;{%22gcid-ab8e6ac0-852e-45e7-bc70-9a14b82e0fb9%22:%91%22background_color%22%93}&#8221;][et_pb_row column_structure=&#8221;1_2,1_2&#8243; use_custom_gutter=&#8221;on&#8221; gutter_width=&#8221;1&#8243; make_equal=&#8221;on&#8221; _builder_version=&#8221;4.27.2&#8243; _module_preset=&#8221;default&#8221; background_color=&#8221;gcid-981eccd2-dffb-47fa-812c-1d79488ed1b4&#8243; module_alignment=&#8221;center&#8221; custom_padding=&#8221;35px|35px|35px|35px|true|true&#8221; link_option_url=&#8221;https:\/\/www.penguinlibros.com\/ar\/economia-politica-y-actualidad\/356653-ebook-yo-me-lo-merezco-9789877371369?mot_tcid=c9d5cc88-d96f-482b-a44c-a40866b5089a&#8221; link_option_url_new_window=&#8221;on&#8221; border_color_all=&#8221;gcid-f9ca37a7-31b2-46d4-92a0-9f3a029615c0&#8243; global_colors_info=&#8221;{%22gcid-981eccd2-dffb-47fa-812c-1d79488ed1b4%22:%91%22background_color%22%93,%22gcid-f9ca37a7-31b2-46d4-92a0-9f3a029615c0%22:%91%22border_color_all%22%93}&#8221;][et_pb_column type=&#8221;1_2&#8243; _builder_version=&#8221;4.27.2&#8243; _dynamic_attributes=&#8221;link_option_url&#8221; _module_preset=&#8221;default&#8221; link_option_url=&#8221;@ET-DC@eyJkeW5hbWljIjp0cnVlLCJjb250ZW50IjoicG9zdF9saW5rX3VybF9wYWdlIiwic2V0dGluZ3MiOnsicG9zdF9pZCI6IjEwMyJ9fQ==@&#8221; global_colors_info=&#8221;{}&#8221;][et_pb_image src=&#8221;https:\/\/paulasibilia.com\/wp-content\/uploads\/2024\/10\/SIBILIA-lo-merezco.jpg&#8221; title_text=&#8221;SIBILIA-lo-merezco&#8221; url_new_window=&#8221;on&#8221; _builder_version=&#8221;4.27.2&#8243; _module_preset=&#8221;default&#8221; global_colors_info=&#8221;{}&#8221;][\/et_pb_image][\/et_pb_column][et_pb_column type=&#8221;1_2&#8243; _builder_version=&#8221;4.27.2&#8243; _module_preset=&#8221;default&#8221; background_color=&#8221;gcid-6c7d0226-7d00-4233-b6cb-ba10bc829a18&#8243; global_colors_info=&#8221;{%22gcid-6c7d0226-7d00-4233-b6cb-ba10bc829a18%22:%91%22background_color%22%93}&#8221;][et_pb_heading title=&#8221;Novo livro&#8221; _builder_version=&#8221;4.27.2&#8243; _module_preset=&#8221;default&#8221; title_level=&#8221;h2&#8243; title_font=&#8221;|600||on|||||&#8221; title_text_align=&#8221;center&#8221; title_text_color=&#8221;gcid-f9ca37a7-31b2-46d4-92a0-9f3a029615c0&#8243; title_font_size=&#8221;23px&#8221; title_letter_spacing=&#8221;1px&#8221; custom_margin=&#8221;0px||0px||true|false&#8221; custom_padding=&#8221;70px|25px|70px|25px|true|true&#8221; global_colors_info=&#8221;{%22gcid-f9ca37a7-31b2-46d4-92a0-9f3a029615c0%22:%91%22title_text_color%22%93}&#8221;][\/et_pb_heading][et_pb_heading title=&#8221;Yo me lo merezco &#8221; _builder_version=&#8221;4.27.2&#8243; _module_preset=&#8221;default&#8221; title_level=&#8221;h2&#8243; title_font=&#8221;Poppins|700||on|||||&#8221; title_text_align=&#8221;center&#8221; title_text_color=&#8221;gcid-981eccd2-dffb-47fa-812c-1d79488ed1b4&#8243; title_font_size=&#8221;29px&#8221; title_letter_spacing=&#8221;1px&#8221; custom_margin=&#8221;0px||0px||true|false&#8221; custom_padding=&#8221;40px|25px|10px|25px|false|true&#8221; global_colors_info=&#8221;{%22gcid-981eccd2-dffb-47fa-812c-1d79488ed1b4%22:%91%22title_text_color%22%93}&#8221;][\/et_pb_heading][et_pb_heading title=&#8221;De la vieja hipocres\u00eda a los nuevos cinismos&#8221; _builder_version=&#8221;4.27.2&#8243; _module_preset=&#8221;default&#8221; title_level=&#8221;h2&#8243; title_font=&#8221;&#8211;et_global_body_font|500|||||||&#8221; title_text_align=&#8221;center&#8221; title_text_color=&#8221;gcid-981eccd2-dffb-47fa-812c-1d79488ed1b4&#8243; title_font_size=&#8221;19px&#8221; custom_margin=&#8221;0px||0px||true|false&#8221; custom_padding=&#8221;0px|25px|0px|25px|true|true&#8221; global_colors_info=&#8221;{%22gcid-981eccd2-dffb-47fa-812c-1d79488ed1b4%22:%91%22title_text_color%22%93}&#8221;][\/et_pb_heading][et_pb_heading title=&#8221;Taurus, 2024&#8243; _builder_version=&#8221;4.27.2&#8243; _module_preset=&#8221;default&#8221; title_level=&#8221;h2&#8243; title_font=&#8221;&#8211;et_global_heading_font|500||on|||||&#8221; title_text_align=&#8221;center&#8221; title_text_color=&#8221;gcid-981eccd2-dffb-47fa-812c-1d79488ed1b4&#8243; title_font_size=&#8221;19px&#8221; title_letter_spacing=&#8221;1px&#8221; custom_margin=&#8221;0px||0px||true|false&#8221; custom_padding=&#8221;70px|25px|20px|25px|false|true&#8221; global_colors_info=&#8221;{%22gcid-981eccd2-dffb-47fa-812c-1d79488ed1b4%22:%91%22title_text_color%22%93}&#8221;][\/et_pb_heading][\/et_pb_column][\/et_pb_row][\/et_pb_section][et_pb_section fb_built=&#8221;1&#8243; _builder_version=&#8221;4.27.2&#8243; _module_preset=&#8221;default&#8221; background_color=&#8221;gcid-ab8e6ac0-852e-45e7-bc70-9a14b82e0fb9&#8243; background_enable_image=&#8221;off&#8221; parallax=&#8221;on&#8221; background_blend=&#8221;multiply&#8221; background_enable_video_mp4=&#8221;off&#8221; width=&#8221;100%&#8221; max_width=&#8221;100%&#8221; custom_padding=&#8221;100px||200px||false|false&#8221; custom_css_main_element=&#8221;||&#8221; collapsed=&#8221;on&#8221; global_colors_info=&#8221;{%22gcid-ab8e6ac0-852e-45e7-bc70-9a14b82e0fb9%22:%91%22background_color%22%93}&#8221;][et_pb_row column_structure=&#8221;1_3,1_3,1_3&#8243; use_custom_gutter=&#8221;on&#8221; gutter_width=&#8221;2&#8243; make_equal=&#8221;on&#8221; _builder_version=&#8221;4.27.2&#8243; _module_preset=&#8221;default&#8221; background_color=&#8221;RGBA(255,255,255,0)&#8221; module_alignment=&#8221;center&#8221; custom_padding=&#8221;35px|35px|35px|35px|true|true&#8221; global_colors_info=&#8221;{}&#8221;][et_pb_column type=&#8221;1_3&#8243; _builder_version=&#8221;4.27.2&#8243; _dynamic_attributes=&#8221;link_option_url&#8221; _module_preset=&#8221;default&#8221; background_color=&#8221;gcid-981eccd2-dffb-47fa-812c-1d79488ed1b4&#8243; background_image=&#8221;https:\/\/paulasibilia.com\/wp-content\/uploads\/2024\/10\/midiateca-quad.jpg&#8221; background_blend=&#8221;multiply&#8221; link_option_url=&#8221;@ET-DC@eyJkeW5hbWljIjp0cnVlLCJjb250ZW50IjoicG9zdF9saW5rX3VybF9wYWdlIiwic2V0dGluZ3MiOnsicG9zdF9pZCI6IjY1In19@&#8221; global_colors_info=&#8221;{%22gcid-981eccd2-dffb-47fa-812c-1d79488ed1b4%22:%91%22background_color%22%93}&#8221;][et_pb_cta title=&#8221;Pesquisas&#8221; _builder_version=&#8221;4.27.2&#8243; _module_preset=&#8221;default&#8221; header_font=&#8221;Poppins|||on|||||&#8221; header_text_align=&#8221;center&#8221; header_letter_spacing=&#8221;3px&#8221; body_font=&#8221;Poppins|||on|||||&#8221; body_font_size=&#8221;13px&#8221; body_letter_spacing=&#8221;3px&#8221; body_line_height=&#8221;1.3em&#8221; background_enable_color=&#8221;off&#8221; background_enable_image=&#8221;off&#8221; background_blend=&#8221;multiply&#8221; positioning=&#8221;absolute&#8221; position_origin_a=&#8221;top_center&#8221; position_origin_f=&#8221;center_center&#8221; width=&#8221;100%&#8221; custom_padding=&#8221;50px|25px|50px|25px|true|true&#8221; global_colors_info=&#8221;{%22gcid-981eccd2-dffb-47fa-812c-1d79488ed1b4%22:%91%22background_color%22%93}&#8221;][\/et_pb_cta][\/et_pb_column][et_pb_column type=&#8221;1_3&#8243; _builder_version=&#8221;4.27.2&#8243; _dynamic_attributes=&#8221;link_option_url&#8221; _module_preset=&#8221;default&#8221; background_color=&#8221;gcid-981eccd2-dffb-47fa-812c-1d79488ed1b4&#8243; background_image=&#8221;https:\/\/paulasibilia.com\/wp-content\/uploads\/2024\/10\/midiateca-quad.jpg&#8221; background_blend=&#8221;multiply&#8221; link_option_url=&#8221;@ET-DC@eyJkeW5hbWljIjp0cnVlLCJjb250ZW50IjoicG9zdF9saW5rX3VybF9wYWdlIiwic2V0dGluZ3MiOnsicG9zdF9pZCI6IjY3In19@&#8221; global_colors_info=&#8221;{%22gcid-981eccd2-dffb-47fa-812c-1d79488ed1b4%22:%91%22background_color%22%93}&#8221;][et_pb_cta title=&#8221;Projetos&#8221; _builder_version=&#8221;4.27.2&#8243; _module_preset=&#8221;default&#8221; header_font=&#8221;Poppins|||on|||||&#8221; header_text_align=&#8221;center&#8221; header_letter_spacing=&#8221;3px&#8221; body_font=&#8221;Poppins|||on|||||&#8221; body_font_size=&#8221;13px&#8221; body_letter_spacing=&#8221;3px&#8221; body_line_height=&#8221;1.3em&#8221; background_enable_color=&#8221;off&#8221; background_enable_image=&#8221;off&#8221; background_blend=&#8221;multiply&#8221; positioning=&#8221;absolute&#8221; position_origin_a=&#8221;top_center&#8221; position_origin_f=&#8221;center_center&#8221; width=&#8221;100%&#8221; custom_padding=&#8221;50px|25px|50px|25px|true|true&#8221; global_colors_info=&#8221;{%22gcid-981eccd2-dffb-47fa-812c-1d79488ed1b4%22:%91%22background_color%22%93}&#8221;][\/et_pb_cta][\/et_pb_column][et_pb_column type=&#8221;1_3&#8243; _builder_version=&#8221;4.27.2&#8243; _dynamic_attributes=&#8221;link_option_url&#8221; _module_preset=&#8221;default&#8221; link_option_url=&#8221;@ET-DC@eyJkeW5hbWljIjp0cnVlLCJjb250ZW50IjoicG9zdF9saW5rX3VybF9wYWdlIiwic2V0dGluZ3MiOnsicG9zdF9pZCI6Ijk3In19@&#8221; global_colors_info=&#8221;{}&#8221;][et_pb_cta title=&#8221;Midiateca&#8221; button_text=&#8221;Cliques&#8221; _builder_version=&#8221;4.27.2&#8243; _module_preset=&#8221;default&#8221; header_font=&#8221;Poppins|||on|||||&#8221; header_text_align=&#8221;center&#8221; header_letter_spacing=&#8221;3px&#8221; body_font=&#8221;Poppins|||on|||||&#8221; body_font_size=&#8221;13px&#8221; body_letter_spacing=&#8221;3px&#8221; body_line_height=&#8221;1.3em&#8221; background_color=&#8221;rgba(89,50,58,0.88)&#8221; background_image=&#8221;https:\/\/paulasibilia.com\/wp-content\/uploads\/2024\/10\/midiateca-quad.jpg&#8221; background_blend=&#8221;multiply&#8221; custom_button=&#8221;on&#8221; button_bg_color=&#8221;RGBA(255,255,255,0)&#8221; module_alignment=&#8221;center&#8221; custom_padding=&#8221;50px|25px|50px|25px|true|true&#8221; global_colors_info=&#8221;{}&#8221;]<\/p>\n<p>&nbsp;<\/p>\n<p>Publica\u00e7\u00f5es<\/p>\n<p>Confer\u00eancias<\/p>\n<p>Entrevistas<\/p>\n<p>Eventos<\/p>\n<p>[\/et_pb_cta][\/et_pb_column][\/et_pb_row][\/et_pb_section]<\/p>\n","protected":false},"excerpt":{"rendered":"<p>Site oficial da ensa\u00edsta e pesquisadoraUniversidade Federal Fluminense Niter\u00f3i &#8211; Rio de Janeiro, Brasil\u200bPaula Sibilia | \u00a9 Alejandra Lo\u0301pez, 2024Ensa\u00edsta e pesquisadora argentina, Paula Sibilia, residente no Rio de Janeiro, dedica-se ao estudo de diversos temas culturais contempor\u00e2neos sob a perspectiva geneal\u00f3gica, contemplando particularmente as rela\u00e7\u00f5es entre corpos, subjetividades, tecnologias e manifesta\u00e7\u00f5es midi\u00e1ticas ou art\u00edsticas.&nbsp; [&hellip;]<\/p>\n","protected":false},"author":1,"featured_media":0,"parent":0,"menu_order":0,"comment_status":"closed","ping_status":"closed","template":"","meta":{"_et_pb_use_builder":"on","_et_pb_old_content":"","_et_gb_content_width":"","footnotes":""},"class_list":["post-59","page","type-page","status-publish","hentry"],"_links":{"self":[{"href":"https:\/\/paulasibilia.com\/index.php\/wp-json\/wp\/v2\/pages\/59","targetHints":{"allow":["GET"]}}],"collection":[{"href":"https:\/\/paulasibilia.com\/index.php\/wp-json\/wp\/v2\/pages"}],"about":[{"href":"https:\/\/paulasibilia.com\/index.php\/wp-json\/wp\/v2\/types\/page"}],"author":[{"embeddable":true,"href":"https:\/\/paulasibilia.com\/index.php\/wp-json\/wp\/v2\/users\/1"}],"replies":[{"embeddable":true,"href":"https:\/\/paulasibilia.com\/index.php\/wp-json\/wp\/v2\/comments?post=59"}],"version-history":[{"count":66,"href":"https:\/\/paulasibilia.com\/index.php\/wp-json\/wp\/v2\/pages\/59\/revisions"}],"predecessor-version":[{"id":233011,"href":"https:\/\/paulasibilia.com\/index.php\/wp-json\/wp\/v2\/pages\/59\/revisions\/233011"}],"wp:attachment":[{"href":"https:\/\/paulasibilia.com\/index.php\/wp-json\/wp\/v2\/media?parent=59"}],"curies":[{"name":"wp","href":"https:\/\/api.w.org\/{rel}","templated":true}]}}