{"id":275,"date":"2024-04-10T23:52:07","date_gmt":"2024-04-11T02:52:07","guid":{"rendered":"https:\/\/paulasibilia2.lugarestudio.com.br\/?page_id=275"},"modified":"2024-10-30T00:42:47","modified_gmt":"2024-10-30T03:42:47","slug":"perfil","status":"publish","type":"page","link":"https:\/\/paulasibilia.com\/index.php\/perfil\/","title":{"rendered":"Perfil"},"content":{"rendered":"<p>[et_pb_section fb_built=&#8221;1&#8243; admin_label=&#8221;LIVROS&#8221; _builder_version=&#8221;4.27.2&#8243; _module_preset=&#8221;default&#8221; background_color=&#8221;rgba(107,107,107,0.35)&#8221; background_image=&#8221;https:\/\/paulasibilia.com\/wp-content\/uploads\/2024\/10\/BG-perfilcompl.jpg&#8221; background_blend=&#8221;multiply&#8221; background_pattern_horizontal_offset=&#8221;-100%&#8221; background_pattern_vertical_offset=&#8221;100%&#8221; width=&#8221;100%&#8221; max_width=&#8221;100%&#8221; module_alignment=&#8221;center&#8221; max_height=&#8221;100%&#8221; custom_margin=&#8221;-55px||0px||false|false&#8221; mix_blend_mode=&#8221;multiply&#8221; hover_enabled=&#8221;0&#8243; custom_css_main_element=&#8221;min-height: 100v&#8221; collapsed=&#8221;off&#8221; global_colors_info=&#8221;{}&#8221; sticky_enabled=&#8221;0&#8243;][et_pb_row _builder_version=&#8221;4.27.2&#8243; _module_preset=&#8221;default&#8221; custom_margin=&#8221;35px||||false|false&#8221; collapsed=&#8221;on&#8221; global_colors_info=&#8221;{}&#8221;][et_pb_column type=&#8221;4_4&#8243; _builder_version=&#8221;4.25.0&#8243; _module_preset=&#8221;default&#8221; global_colors_info=&#8221;{}&#8221;][et_pb_heading title=&#8221;PERFIL&#8221; _builder_version=&#8221;4.27.2&#8243; _module_preset=&#8221;default&#8221; title_font=&#8221;Poppins|300|||||||&#8221; title_text_align=&#8221;left&#8221; title_text_color=&#8221;#FFFFFF&#8221; title_font_size=&#8221;60px&#8221; title_letter_spacing=&#8221;7px&#8221; title_text_shadow_style=&#8221;preset3&#8243; title_text_shadow_horizontal_length=&#8221;0.01em&#8221; title_text_shadow_vertical_length=&#8221;0.01em&#8221; title_text_shadow_blur_strength=&#8221;0.08em&#8221; title_text_shadow_color=&#8221;rgba(0,0,0,0.3)&#8221; global_colors_info=&#8221;{}&#8221;][\/et_pb_heading][\/et_pb_column][\/et_pb_row][\/et_pb_section][et_pb_section fb_built=&#8221;1&#8243; admin_label=&#8221;LIVROS&#8221; _builder_version=&#8221;4.27.2&#8243; _module_preset=&#8221;default&#8221; background_color=&#8221;RGBA(255,255,255,0)&#8221; background_image=&#8221;https:\/\/paulasibilia.com\/wp-content\/uploads\/2024\/10\/BG-olhos-prismaticos4.jpg&#8221; background_blend=&#8221;multiply&#8221; background_pattern_horizontal_offset=&#8221;-100%&#8221; background_pattern_vertical_offset=&#8221;100%&#8221; width=&#8221;100%&#8221; max_width=&#8221;100%&#8221; module_alignment=&#8221;center&#8221; max_height=&#8221;100%&#8221; custom_margin=&#8221;0px||0px||false|false&#8221; mix_blend_mode=&#8221;multiply&#8221; custom_css_main_element=&#8221;min-height: 80vh&#8221; collapsed=&#8221;off&#8221; global_colors_info=&#8221;{}&#8221;][et_pb_row column_structure=&#8221;1_2,1_2&#8243; use_custom_gutter=&#8221;on&#8221; gutter_width=&#8221;4&#8243; make_equal=&#8221;on&#8221; custom_padding_last_edited=&#8221;on|phone&#8221; _builder_version=&#8221;4.27.2&#8243; _module_preset=&#8221;default&#8221; module_alignment=&#8221;center&#8221; custom_margin=&#8221;0px||0px||true|false&#8221; custom_padding=&#8221;70px||120px||false|false&#8221; custom_padding_tablet=&#8221;70px||120px||false|false&#8221; custom_padding_phone=&#8221;0px||60px||false|false&#8221; collapsed=&#8221;on&#8221; global_colors_info=&#8221;{}&#8221;][et_pb_column type=&#8221;1_2&#8243; _builder_version=&#8221;4.27.2&#8243; _module_preset=&#8221;default&#8221; global_colors_info=&#8221;{}&#8221;][\/et_pb_column][et_pb_column type=&#8221;1_2&#8243; _builder_version=&#8221;4.27.2&#8243; _module_preset=&#8221;default&#8221; global_colors_info=&#8221;{}&#8221;][et_pb_heading title=&#8221;Paula Sibilia&#8221; _builder_version=&#8221;4.27.2&#8243; _module_preset=&#8221;default&#8221; title_level=&#8221;h2&#8243; title_font=&#8221;|300|||||||&#8221; title_text_color=&#8221;#000000&#8243; title_letter_spacing=&#8221;2px&#8221; custom_margin=&#8221;0px||0px||true|false&#8221; custom_padding=&#8221;0px||25px||false|false&#8221; locked=&#8221;off&#8221; global_colors_info=&#8221;{}&#8221;][\/et_pb_heading][et_pb_text _builder_version=&#8221;4.27.2&#8243; _module_preset=&#8221;default&#8221; text_text_color=&#8221;#000000&#8243; text_orientation=&#8221;justified&#8221; module_alignment=&#8221;center&#8221; custom_margin=&#8221;0px||0px||true|false&#8221; custom_padding=&#8221;0px||0px||true|false&#8221; hover_enabled=&#8221;0&#8243; locked=&#8221;off&#8221; global_colors_info=&#8221;{}&#8221; sticky_enabled=&#8221;0&#8243;]<\/p>\n<p style=\"text-align: justify;\">Ensa\u00edsta e pesquisadora argentina residente no Rio de Janeiro, dedica-se ao estudo de diversos temas culturais contempor\u00e2neos sob a perspectiva geneal\u00f3gica, contemplando particularmente as rela\u00e7\u00f5es entre corpos, subjetividades, tecnologias e manifesta\u00e7\u00f5es midi\u00e1ticas ou art\u00edsticas.<\/p>\n<p style=\"text-align: justify;\">Fez gradua\u00e7\u00e3o em Comunica\u00e7\u00e3o e em Antropologia na Universidade de Buenos Aires (UBA), na Argentina; j\u00e1 no Brasil, fez mestrado em Comunica\u00e7\u00e3o (UFF), doutorado em Sa\u00fade Coletiva (IMS-UERJ) e em Comunica\u00e7\u00e3o e Cultura (ECO-UFRJ). Desde 2006 \u00e9 professora do Departamento de Estudos Culturais e M\u00eddia, bem como do Programa de P\u00f3s-Gradua\u00e7\u00e3o em Comunica\u00e7\u00e3o da Universidade Federal Fluminense (UFF).<\/p>\n<p style=\"text-align: justify;\">Seu trabalho conta com o apoio das ag\u00eancias CNPq (Bolsa de Produtividade em Pesquisa, desde 2009) e FAPERJ (Programa Jovem Cientista do Nosso Estado, 2010-2016; Cientista do Nosso Estado, 2018-2020). Em 2012 realizou um p\u00f3s-doutorado anual na Universit\u00e9 Paris VIII, da Fran\u00e7a, com bolsa da CAPES.<\/p>\n<p style=\"text-align: justify;\">[\/et_pb_text][et_pb_image src=&#8221;https:\/\/paulasibilia.com\/wp-content\/uploads\/2024\/10\/lattes-logo.png&#8221; title_text=&#8221;lattes-logo&#8221; url=&#8221;http:\/\/buscatextual.cnpq.br\/buscatextual\/visualizacv.do?id=K4759322Z2&#8243; url_new_window=&#8221;on&#8221; _builder_version=&#8221;4.27.2&#8243; _module_preset=&#8221;default&#8221; width=&#8221;23%&#8221; max_width=&#8221;23%&#8221; module_alignment=&#8221;left&#8221; custom_margin=&#8221;0px||0px||true|false&#8221; custom_padding=&#8221;5px||25px||false|false&#8221; global_colors_info=&#8221;{}&#8221;][\/et_pb_image][et_pb_text _builder_version=&#8221;4.27.2&#8243; _module_preset=&#8221;default&#8221; text_font=&#8221;&#8211;et_global_heading_font||||||||&#8221; text_font_size=&#8221;17px&#8221; text_line_height=&#8221;2em&#8221; custom_margin=&#8221;0px||0px||true|false&#8221; custom_padding=&#8221;30px||10px||false|false&#8221; link_option_url_new_window=&#8221;on&#8221; global_colors_info=&#8221;{}&#8221;]<\/p>\n<h4>Universidade Federal Fluminense &#8211; UFF<a href=\"http:\/\/www.ppgcom.uff.br\/\" target=\"_blank\" rel=\"noopener\"><\/a><\/h4>\n<p>[\/et_pb_text][et_pb_text _builder_version=&#8221;4.27.2&#8243; _module_preset=&#8221;default&#8221; text_font=&#8221;&#8211;et_global_heading_font||||||||&#8221; text_line_height=&#8221;2em&#8221; custom_margin=&#8221;0px||0px||true|false&#8221; custom_padding=&#8221;10px||0px||false|false&#8221; link_option_url_new_window=&#8221;on&#8221; global_colors_info=&#8221;{}&#8221;]<\/p>\n<h6><strong><a href=\"http:\/\/www.midia.uff.br\/\" target=\"_blank\" rel=\"noopener\">Departamento de Estudos Culturais e M\u00eddia<\/a><\/strong><\/h6>\n<p>[\/et_pb_text][et_pb_text _builder_version=&#8221;4.27.2&#8243; _module_preset=&#8221;default&#8221; text_font=&#8221;&#8211;et_global_heading_font||||||||&#8221; text_line_height=&#8221;2em&#8221; custom_margin=&#8221;0px||0px||true|false&#8221; custom_padding=&#8221;10px||0px||false|false&#8221; link_option_url_new_window=&#8221;on&#8221; global_colors_info=&#8221;{}&#8221;]<\/p>\n<h6><strong><a href=\"http:\/\/www.ppgcom.uff.br\/\" target=\"_blank\" rel=\"noopener\">Programa de P\u00f3s-gradua\u00e7\u00e3o em Comunica\u00e7\u00e3o<\/a><\/strong><\/h6>\n<p>[\/et_pb_text][\/et_pb_column][\/et_pb_row][\/et_pb_section][et_pb_section fb_built=&#8221;1&#8243; custom_padding_last_edited=&#8221;on|phone&#8221; _builder_version=&#8221;4.27.2&#8243; _module_preset=&#8221;default&#8221; background_color=&#8221;#ad9300&#8243; custom_margin=&#8221;0px||0px||true|false&#8221; custom_margin_tablet=&#8221;0px||0px||true|false&#8221; custom_margin_phone=&#8221;0px|0px|0px|0px|true|true&#8221; custom_margin_last_edited=&#8221;on|phone&#8221; custom_padding=&#8221;0px||50px||false|false&#8221; custom_padding_tablet=&#8221;0px||50px||false|false&#8221; custom_padding_phone=&#8221;0px|0px|50px|0px|false|true&#8221; global_colors_info=&#8221;{}&#8221;][et_pb_row column_structure=&#8221;1_3,2_3&#8243; use_custom_gutter=&#8221;on&#8221; gutter_width=&#8221;1&#8243; make_equal=&#8221;on&#8221; _builder_version=&#8221;4.27.2&#8243; _module_preset=&#8221;default&#8221; module_alignment=&#8221;center&#8221; custom_margin_tablet=&#8221;&#8221; custom_margin_phone=&#8221;|0px||0px|false|true&#8221; custom_margin_last_edited=&#8221;on|phone&#8221; custom_padding=&#8221;100px|0px|50px|0px|false|true&#8221; global_colors_info=&#8221;{}&#8221;][et_pb_column type=&#8221;1_3&#8243; _builder_version=&#8221;4.27.2&#8243; _module_preset=&#8221;default&#8221; custom_padding=&#8221;0px|25px|0px|25px|true|true&#8221; custom_padding_tablet=&#8221;0px|25px|0px|25px|true|true&#8221; custom_padding_phone=&#8221;0px|0px|0px|0px|true|true&#8221; custom_padding_last_edited=&#8221;on|phone&#8221; global_colors_info=&#8221;{}&#8221;][et_pb_text _builder_version=&#8221;4.27.2&#8243; _module_preset=&#8221;default&#8221; text_font=&#8221;&#8211;et_global_body_font|600||on|||||&#8221; text_text_color=&#8221;gcid-f9ca37a7-31b2-46d4-92a0-9f3a029615c0&#8243; text_font_size=&#8221;17px&#8221; text_letter_spacing=&#8221;2px&#8221; text_line_height=&#8221;2.3em&#8221; header_font=&#8221;|600|||||||&#8221; header_text_color=&#8221;#FFFFFF&#8221; header_font_size=&#8221;34px&#8221; header_line_height=&#8221;1.3em&#8221; background_color=&#8221;RGBA(255,255,255,0)&#8221; custom_margin=&#8221;0px||0px||true|false&#8221; custom_padding=&#8221;30px|0px|20px|0px|false|true&#8221; global_colors_info=&#8221;{%22gcid-f9ca37a7-31b2-46d4-92a0-9f3a029615c0%22:%91%22text_text_color%22%93}&#8221;]<\/p>\n<h4 style=\"text-align: center;\"><span style=\"color: #ffffff;\">Nota de esclarecimento<\/span><\/h4>\n<p>[\/et_pb_text][\/et_pb_column][et_pb_column type=&#8221;2_3&#8243; _builder_version=&#8221;4.27.2&#8243; _module_preset=&#8221;default&#8221; custom_padding=&#8221;0px|25px|0px|25px|true|true&#8221; custom_padding_tablet=&#8221;0px|25px|0px|25px|true|true&#8221; custom_padding_phone=&#8221;0px|0px|0px|0px|true|true&#8221; custom_padding_last_edited=&#8221;on|phone&#8221; global_colors_info=&#8221;{}&#8221;][et_pb_text _builder_version=&#8221;4.27.2&#8243; _module_preset=&#8221;default&#8221; text_font=&#8221;|600|||||||&#8221; text_font_size=&#8221;16px&#8221; custom_margin=&#8221;0px||0px||true|false&#8221; custom_padding=&#8221;15px|35px|15px|30px|true|false&#8221; global_colors_info=&#8221;{}&#8221;]<\/p>\n<p style=\"text-align: justify;\"><span style=\"color: #ffffff;\">Paula Sibilia n\u00e3o tem, nunca teve e provavelmente jamais ter\u00e1 qualquer perfil pessoal ou profissional em rede social da internet, como Facebook, Twitter ou Instagram. No entanto, constatamos com perplexidade um fen\u00f4meno: a prolifera\u00e7\u00e3o de perfis em v\u00e1rias plataformas das redes sociais com o nome, fotos e supostas declara\u00e7\u00f5es (acad\u00eamicas ou pessoais) da pesquisadora.<\/span><\/p>\n<p>[\/et_pb_text][\/et_pb_column][\/et_pb_row][\/et_pb_section]<\/p>\n","protected":false},"excerpt":{"rendered":"<p>Ensa\u00edsta e pesquisadora argentina residente no Rio de Janeiro, dedica-se ao estudo de diversos temas culturais contempor\u00e2neos sob a perspectiva geneal\u00f3gica, contemplando particularmente as rela\u00e7\u00f5es entre corpos, subjetividades, tecnologias e manifesta\u00e7\u00f5es midi\u00e1ticas ou art\u00edsticas. Fez gradua\u00e7\u00e3o em Comunica\u00e7\u00e3o e em Antropologia na Universidade de Buenos Aires (UBA), na Argentina; j\u00e1 no Brasil, fez mestrado em [&hellip;]<\/p>\n","protected":false},"author":1,"featured_media":0,"parent":0,"menu_order":0,"comment_status":"closed","ping_status":"closed","template":"","meta":{"_et_pb_use_builder":"on","_et_pb_old_content":"<!-- wp:divi\/placeholder \/-->","_et_gb_content_width":"","footnotes":""},"class_list":["post-275","page","type-page","status-publish","hentry"],"_links":{"self":[{"href":"https:\/\/paulasibilia.com\/index.php\/wp-json\/wp\/v2\/pages\/275","targetHints":{"allow":["GET"]}}],"collection":[{"href":"https:\/\/paulasibilia.com\/index.php\/wp-json\/wp\/v2\/pages"}],"about":[{"href":"https:\/\/paulasibilia.com\/index.php\/wp-json\/wp\/v2\/types\/page"}],"author":[{"embeddable":true,"href":"https:\/\/paulasibilia.com\/index.php\/wp-json\/wp\/v2\/users\/1"}],"replies":[{"embeddable":true,"href":"https:\/\/paulasibilia.com\/index.php\/wp-json\/wp\/v2\/comments?post=275"}],"version-history":[{"count":31,"href":"https:\/\/paulasibilia.com\/index.php\/wp-json\/wp\/v2\/pages\/275\/revisions"}],"predecessor-version":[{"id":232810,"href":"https:\/\/paulasibilia.com\/index.php\/wp-json\/wp\/v2\/pages\/275\/revisions\/232810"}],"wp:attachment":[{"href":"https:\/\/paulasibilia.com\/index.php\/wp-json\/wp\/v2\/media?parent=275"}],"curies":[{"name":"wp","href":"https:\/\/api.w.org\/{rel}","templated":true}]}}